t is w(-2)?
76
Let p(t) = 2*t**3 + 27*t**2 - 292*t + 44. Calculate p(7).
9
Let n(u) = -u**3 - 38*u**2 + 3303*u - 2617. Calculate n(41).
7
Let z(d) = -d**3 + 64*d**2 + 51*d + 1217. Calculate z(65).
307
Let z(v) = v**3 + 47*v**2 - 221*v - 15519. Give z(-44).
13
Let k(m) = -m**2 - 321*m - 19151. What is k(-242)?
-33
Let w(m) = 11863*m + 131294. What is w(-11)?
801
Let n(q) = -69*q - 962. What is n(-16)?
142
Let y(k) = -146*k**3 - 1687*k**2 + 779*k - 18. What is y(-12)?
-6
Let g(v) = -v**3 + 24*v**2 + 12*v + 332. Calculate g(25).
7
Let z(w) = -32225*w + 32080. What is z(1)?
-145
Let a(p) = p**3 + 167*p**2 - 5265*p - 5085. Give a(-194).
153
Let o(k) = k**3 + 156*k**2 - 567*k - 14304. Determine o(-159).
6
Let c(w) = -8975*w + 8052. Determine c(1).
-923
Let w(r) = -r**2 - 10159*r + 152608. Determine w(15).
-2
Let x(b) = -b**3 - 273*b**2 - 17055*b - 56695. Determine x(-180).
5
Let g(d) = 2497534*d + 14985222. What is g(-6)?
18
Let h(b) = -b**3 + 53*b**2 - 604*b + 3443. What is h(40)?
83
Let h(c) = -c**3 + 21*c**2 + 196*c - 3134. What is h(22)?
694
Let r(w) = -4*w**3 - 203*w**2 - 87*w - 7143. Calculate r(-51).
-105
Let j(c) = 2*c**2 - 48*c - 45271. Calculate j(163).
43
Let h(n) = 19076*n + 2117441. Calculate h(-111).
5
Let a(c) = -189304*c + 30099332. Calculate a(159).
-4
Let o(j) = -j**2 + 193*j + 4473. Give o(-21).
-21
Let c(x) = 6503*x - 175598. Calculate c(27).
-17
Let f(w) = 7*w**2 - 947*w + 11879. Give f(14).
-7
Let l(q) = q**2 - 153*q + 5302. Give l(98).
-88
Let i(p) = 14230*p + 882083. Calculate i(-62).
-177
Let h(r) = r**3 + 230*r**2 + 512*r - 38170. Determine h(-227).
193
Let c(p) = -273466*p - 6289722. Calculate c(-23).
-4
Let x(j) = -j**2 + 1131*j - 12322. Determine x(11).
-2
Let u(x) = -46*x**2 + 33062*x + 233684. What is u(-7)?
-4
Let k(i) = i**3 + 32*i**2 + 251*i + 1553. Determine k(-25).
-347
Let p(t) = -227*t + 51678. Give p(227).
149
Let w(z) = 937*z - 136218. What is w(145)?
-353
Let m(j) = -j**3 - 142*j**2 - 691*j - 831. Give m(-137).
-9
Let u(y) = y**2 + 1187*y + 352115. Calculate u(-582).
5
Let d(a) = -a**3 - 51*a**2 - 225*a + 30. Calculate d(-46).
-200
Let j(c) = -102*c**2 + 56*c - 40. What is j(-3)?
-1126
Let j(y) = -83*y + 4173. Calculate j(21).
2430
Let x(h) = -2478*h + 128850. Calculate x(52).
-6
Let o(r) = -58714*r - 351607. Determine o(-6).
677
Let w(c) = c**3 + 19*c**2 + 63*c - 5. What is w(-8)?
195
Let n(c) = -268*c - 9409. What is n(-38)?
775
Let s(a) = 12*a**2 + 1128*a - 58170. Calculate s(37).
-6
Let k(v) = -264465*v + 18. Determine k(0).
18
Let u(n) = -309*n + 35442. Give u(117).
-711
Let k(m) = -248*m**2 - 1255*m - 18. Determine k(-5).
57
Let k(n) = 2*n**3 - 181*n**2 + 290*n - 34665. Calculate k(91).
6
Let n(b) = -1241*b**2 - 2495*b - 6. What is n(-2)?
20
Let c(i) = -i**2 + 85*i - 1000. Calculate c(73).
-124
Let v(h) = 62*h + 7832. What is v(-123)?
206
Let c(s) = 81*s - 3332. Calculate c(61).
1609
Let u(w) = 7847*w + 211865. What is u(-27)?
-4
Let c(b) = -b**3 - 484*b**2 + 7998*b - 1003. What is c(-500)?
-3
Let a(m) = 82497*m + 6764743. Give a(-82).
-11
Let y(f) = -3*f**2 + 15591*f + 374. Calculate y(0).
374
Let t(q) = 3*q**3 - 113*q**2 - 531*q - 632. Calculate t(42).
-2
Let y(w) = 2*w**3 + 336*w**2 + 347*w + 2193. What is y(-167)?
22
Let h(y) = -65*y**2 - 942*y - 478. Calculate h(-13).
783
Let i(y) = 246*y**2 + 425*y - 25. Give i(-5).
4000
Let m(o) = 12*o**2 + 20206*o + 140842. What is m(-7)?
-12
Let a(n) = n**3 + 113*n**2 + 10*n - 147. What is a(-113)?
-1277
Let v(z) = z**3 + 122*z**2 + 3311*z - 31. Calculate v(-81).
779
Let r(y) = -19*y**2 + 1651*y + 18397. Give r(-10).
-13
Let p(u) = 19*u**2 + 23*u - 176. Calculate p(-7).
594
Let z(s) = 5289*s + 994356. Determine z(-188).
24
Let m(i) = -1624*i - 9962. What is m(-6)?
-218
Let p(b) = b**2 + 1191*b - 4742. Calculate p(0).
-4742
Let u(i) = 80*i**3 + 95*i**2 + 4*i + 4. Calculate u(-2).
-264
Let r(o) = -795*o - 34942. Determine r(-44).
38
Let r(p) = -6609*p + 185063. Calculate r(28).
11
Let m(z) = -1159*z + 118044. Determine m(100).
2144
Let u(m) = m**3 + 2810*m**2 - 14078*m + 1. Give u(5).
-14
Let g(z) = z**3 + 495*z**2 - 3988*z + 18111. Give g(-503).
3
Let f(v) = -3*v**3 - 255*v**2 + 14*v + 986. Determine f(-85).
-204
Let g(j) = 125*j**2 + 382*j - 119. Calculate g(-3).
-140
Let p(w) = -48*w**3 + 4323*w**2 - 279*w + 816. What is p(90)?
6
Let i(q) = -48*q**3 + 2*q**2 - 179*q + 352. Give i(2).
-382
Let t(s) = -7208*s - 266615. Calculate t(-37).
81
Let t(z) = 1572*z - 492017. Determine t(313).
19
Let s(h) = h**3 - 852*h**2 + 2306*h - 2694616. Determine s(853).
11
Let g(u) = -2*u**2 - 2*u + 5098. Give g(-51).
-2
Let t(n) = 49*n**3 - 107*n**2 + 55*n - 121. Give t(3).
404
Let g(d) = 5364*d - 27140. What is g(5)?
-320
Let x(y) = -243*y - 2602. Determine x(-10).
-172
Let z(t) = -6012*t**2 - 42086*t - 26. Determine z(-7).
-12
Let o(h) = -h**3 - 243*h + 10197. Determine o(18).
-9
Let r(g) = -15194*g - 1230725. What is r(-81)?
-11
Let b(g) = -11565*g + 34701. What is b(3)?
6
Let y(d) = 1565*d + 1195702. Determine y(-764).
42
Let b(u) = -12*u**3 + 82*u**2 - 162*u + 608. Calculate b(6).
-4
Let o(r) = -r**2 - 687*r - 99024. Determine o(-207).
336
Let p(n) = -39668*n - 119007. What is p(-3)?
-3
Let o(z) = -4*z**2 + 209*z - 2456. Calculate o(31).
179
Let p(g) = 10*g**3 + 7*g**2 + 128*g - 442. Give p(3).
275
Let k(q) = -52*q**2 + 2949*q - 4915. What is k(55)?
-20
Let a(r) = r**3 + 128*r**2 + 3470*r - 23. Determine a(-39).
16
Let b(y) = -1547*y - 11061. Calculate b(-9).
2862
Let q(b) = 1922*b + 912935. What is q(-475)?
-15
Let p(y) = -2770*y + 99717. Calculate p(36).
-3
Let i(f) = -f**3 + 42*f**2 - 179*f - 213. Give i(37).
9
Let j(q) = -65*q**2 - 8604*q + 4917. What is j(-133)?
-536
Let c(f) = -46715*f + 9483143. Calculate c(203).
-2
Let d(x) = 1164*x**2 + 2773*x + 2772. Calculate d(-1).
1163
Let g(q) = 1230286*q - 13533149. Calculate g(11).
-3
Let p(i) = 6*i**2 + 3002*i + 17820. Give p(-6).
24
Let c(u) = -157*u - 6910. Determine c(-97).
8319
Let l(y) = -y**3 + 107*y**2 - 2715*y - 153. What is l(65)?
822
Let k(g) = 6*g**3 - 443*g**2 - 54*g - 1646. Calculate k(74).
-166
Let t(g) = -2*g**3 - 22*g**2 - 19*g + 52. Calculate t(-11).
261
Let s(z) = -776*z**2 - 385674*z - 952. Calculate s(-497).
42
Let r(x) = x**3 - 58*x**2 + 511*x + 71. Calculate r(11).
5
Let x(s) = 21974*s + 18963573. Determine x(-863).
11
Let d(k) = 3*k**3 + 1292*k**2 - 429*k + 867. Determine d(-431).
5
Let m(d) = 2109*d - 296978. What is m(141)?
391
Let a(s) = -1706*s - 6855. Determine a(-4).
-31
Let p(h) = 17*h - 178. Calculate p(60).
842
Let i(s) = 25*s**2 - 817*s + 3284. What is i(28)?
8
Let c(q) = 288*q - 31051. What is c(108)?
53
Let h(b) = -b**2 - 233*b - 12234. Give h(-80).
6
Let r(m) = 3*m**3 + 38*m**2 + 221*m + 2307. Determine r(-12).
-57
Let c(r) = -25*r**2 - 769*r + 244. Give c(-32).
-748
Let p(o) = -o**3 - 183*o**2 - 545*o - 918. Determine p(-180).
-18
Let t(j) = -j**2 + j + 667. Determine t(19).
325
Let g(t) = -151115*t - 2417834. What is g(-16)?
6
Let c(g) = -523*g + 118331. Determine c(226).
133
Let o(m) = m**2 - 422*m + 41240. Give o(154).
-32
Let m(o) = -o**3 - 113*o**2 - 131*o - 28132. What is m(-114)?
-202
Let l(r) = 2070*r - 47873. What is l(23)?
-263
Let r(p) = -2*p**3 - 612*p**2 + 5671*p + 22. Give r(9).
31
Let h(a) = -779*a**2 + 1607*a - 20. Calculate h(2).
78
Let h(o) = -o**2 + 2110*o + 115069. Calculate h(-53).
430
Let s(j) = -4*j**3 + 3*j**2 - 12*j + 40. Determine s(3).
-77
Let c(m) = -39*m**2 + 391*m - 706. Give c(7).
120
Let z(o) = 3*o**3 - 24*o**2 + 20*o + 77. Give z(6).
-19
Let w(p) = 616771*p - 3700632. Calculate w(6).
-6
Let i(a) = a**2 - 1371*a + 177619. Give i(145).
-151
Let g(u) = 47*u**2 - 1309*u - 69. What is g(28)?
127
Let o(m) = m**3 - 25*m**2 + 17*m + 506. What is o(23)?
-161
Let d(a) = 6*a**2 + 1422*a - 60833. Give d(37).
-5
Let s(v) = -v**3 - 134*v**2 - 2118*v - 124119. Give s(-125).
6
Let z(s) = -8*s**2 - 12892*s + 182101. Give z(14).
45
Let k(w) = 15542*w + 714918. Give k(-46).
-14
Let k(a) = -2*a**2 - 73*a - 241. Give k(-6).
125
Let r(i) = i**3 + 41*i**2 + 390*i + 1. Determine r(-24).
433
Let q(y) = -12981*y + 38996. Calculate q(3).
53
Let g(x) = 30*x**2 + 501*x - 75. Give g(-17).
78
Let c(f) = 1453*f - 193230. Determine c(133).
19
Let g(n) = -n**3 - 63*n**2 - 157*n - 316.